ighest common factor of 5248 and 1804?
164
What is the greatest common factor of 2341 and 1?
1
Calculate the greatest common divisor of 328 and 26.
2
Calculate the greatest common divisor of 215657 and 626.
313
What is the greatest common factor of 380080 and 160?
80
Calculate the highest common divisor of 44989 and 427.
7
What is the highest common factor of 6140 and 5?
5
Calculate the highest common divisor of 88 and 338899.
11
What is the greatest common divisor of 8184 and 228129?
1023
Calculate the greatest common factor of 16497 and 4017.
39
What is the greatest common divisor of 55446 and 18?
6
What is the highest common factor of 324 and 926196?
12
Calculate the highest common divisor of 62335 and 54115.
685
Calculate the highest common divisor of 344991 and 33.
3
Calculate the greatest common factor of 285 and 66310.
95
Calculate the highest common factor of 138 and 37674.
138
What is the highest common divisor of 91434 and 3528?
294
Calculate the highest common divisor of 427 and 382043.
61
Calculate the greatest common divisor of 98 and 99911.
49
What is the highest common divisor of 7635 and 30?
15
Calculate the greatest common divisor of 1924 and 4849.
13
What is the highest common divisor of 39 and 23192?
13
What is the greatest common factor of 12767316 and 12?
12
Calculate the greatest common divisor of 11550 and 255150.
1050
Calculate the greatest common divisor of 3148760 and 30.
10
Calculate the highest common factor of 120 and 85170.
30
Calculate the highest common factor of 64603 and 77.
77
Calculate the highest common divisor of 242 and 75174.
22
Calculate the greatest common divisor of 100230 and 2470.
130
Calculate the highest common divisor of 139578 and 1032.
258
What is the highest common divisor of 2010 and 7510?
10
What is the greatest common divisor of 24 and 298101?
3
What is the highest common divisor of 567 and 997353?
567
What is the highest common factor of 234 and 22698?
234
What is the greatest common divisor of 418 and 24904?
22
What is the highest common factor of 802047 and 114?
57
What is the highest common divisor of 113848 and 6741?
749
Calculate the highest common divisor of 141691 and 99.
11
Calculate the greatest common factor of 59 and 1390453.
59
What is the highest common factor of 8 and 669608?
8
Calculate the highest common divisor of 10 and 148660.
10
Calculate the highest common divisor of 100 and 68500.
100
Calculate the greatest common divisor of 243 and 1165968.
27
Calculate the greatest common factor of 7506 and 15606.
54
Calculate the greatest common divisor of 208653 and 33225.
1329
Calculate the greatest common divisor of 31095 and 45.
45
What is the greatest common divisor of 316904 and 56?
56
Calculate the greatest common factor of 17854 and 1738.
158
Calculate the greatest common factor of 2751872 and 128.
128
What is the greatest common factor of 8635 and 5495?
785
Calculate the highest common divisor of 3834513 and 36.
9
Calculate the greatest common factor of 1106 and 217.
7
What is the greatest common divisor of 485427 and 43?
43
Calculate the greatest common factor of 1883301 and 21.
21
Calculate the highest common factor of 2125 and 1479.
17
Calculate the greatest common divisor of 250 and 34190.
10
What is the highest common divisor of 165 and 2168190?
15
What is the highest common factor of 23712 and 1404?
156
Calculate the greatest common factor of 762 and 16129.
127
What is the greatest common factor of 3335 and 1955?
115
Calculate the highest common divisor of 66079 and 34.
17
What is the greatest common divisor of 520 and 84110?
130
Calculate the greatest common divisor of 9339 and 99.
33
Calculate the highest common divisor of 33 and 192837.
3
Calculate the greatest common divisor of 1022 and 1606.
146
What is the greatest common factor of 28180 and 40?
20
Calculate the highest common factor of 27 and 1099029.
3
What is the highest common factor of 5139 and 21?
3
Calculate the highest common factor of 34744 and 13736.
808
What is the highest common divisor of 4 and 292680?
4
Calculate the highest common divisor of 11 and 3429756.
11
What is the greatest common divisor of 330 and 97658?
22
What is the greatest common factor of 82173 and 276705?
1677
Calculate the highest common factor of 16 and 85268.
4
What is the highest common factor of 60 and 2571600?
60
What is the highest common divisor of 1045 and 3080?
55
Calculate the greatest common factor of 510 and 310110.
30
What is the greatest common divisor of 52 and 362024?
52
Calculate the highest common factor of 1235 and 1105078.
247
What is the greatest common factor of 2041 and 7358?
13
What is the highest common factor of 18 and 204507?
9
What is the greatest common divisor of 7496 and 80?
8
Calculate the highest common factor of 46 and 52.
2
What is the highest common factor of 73579 and 11?
11
Calculate the highest common factor of 2114 and 22046.
302
Calculate the greatest common factor of 176 and 40238.
22
What is the highest common divisor of 14598 and 90?
18
Calculate the highest common divisor of 2788 and 8.
4
Calculate the highest common factor of 46 and 104673.
23
What is the greatest common divisor of 251324 and 13612?
332
What is the greatest common divisor of 1 and 4957?
1
What is the greatest common divisor of 675 and 200?
25
Calculate the highest common factor of 85 and 282319.
17
What is the greatest common divisor of 652 and 276285?
163
What is the highest common divisor of 574 and 300571?
41
Calculate the greatest common divisor of 212861 and 44.
11
What is the greatest common divisor of 5540 and 560?
20
Calculate the greatest common factor of 14802 and 432.
6
Calculate the greatest common factor of 34539 and 75827.
397
Calculate the highest common factor of 114086 and 1218.
406
What is the highest common divisor of 273 and 35841?
39
Calculate the highest common divisor of 294 and 246813.
147
What is the greatest common factor of 97070 and 6205?
85
Calculate the highest common factor of 292013 and 6063.
43
What is the highest common divisor of 1257 and 930599?
419
Calculate the greatest common factor of 3630 and 15.
15
Calculate the highest common divisor of 270 and 594.
54
Calculate the highest common factor of 339 and 151194.
339
What is the highest common factor of 2081032 and 152?
152
Calculate the highest common divisor of 143 and 1364.
11
Calculate the highest common divisor of 573518 and 1310.
262
What is the greatest common divisor of 8266801 and 31?
31
What is the highest common factor of 6158488 and 17?
17
Calculate the greatest common divisor of 1 and 17159.
1
Calculate the greatest common divisor of 28140 and 1428.
84
Calculate the highest common factor of 42 and 407722.
14
Calculate the highest common factor of 9918 and 27.
9
Calculate the highest common divisor of 76 and 50806.
38
Calculate the greatest common factor of 1 and 113213.
1
What is the greatest common factor of 73375 and 21132?
587
What is the highest common factor of 817722 and 3078?
1026
What is the greatest common factor of 83349 and 126?
63
What is the greatest common divisor of 26 and 4977?
1
What is the greatest common divisor of 2832 and 27808?
16
Calculate the highest common factor of 495 and 2585.
55
Calculate the greatest common factor of 3861 and 324.
27
What is the highest common factor of 2996 and 8453?
107
What is the highest common factor of 324 and 31671?
81
What is the greatest common divisor of 110 and 302335?
55
Calculate the greatest common divisor of 4975983 and 27.
9
What is the greatest common factor of 15831 and 63?
9
What is the highest common factor of 3961 and 11152?
17
What is the highest common factor of 20 and 16367780?
20
What is the highest common factor of 3865 and 50?
5
Calculate the greatest common divisor of 391 and 10438.
17
Calculate the highest common factor of 89 and 2366599.
89
What is the greatest common divisor of 4609 and 759?
11
Calculate the highest common factor of 168 and 33992.
56
Calculate the highest common factor of 108036 and 144.
36
Calculate the greatest common factor of 8985009 and 33.
33
Calculate the greatest common factor of 1568 and 2313976.
392
What is the highest common divisor of 22752 and 19872?
288
Calculate the greatest common divisor of 262174 and 44.